{"id":278,"date":"2024-11-20T19:13:53","date_gmt":"2024-11-20T18:13:53","guid":{"rendered":"https:\/\/mypizz85.com\/?page_id=278"},"modified":"2024-12-26T11:45:30","modified_gmt":"2024-12-26T10:45:30","slug":"pizzas","status":"publish","type":"page","link":"https:\/\/mypizz85.com\/index.php\/pizzas\/","title":{"rendered":"Pizzas"},"content":{"rendered":"\n<div style=\"height:100px\" aria-hidden=\"true\" class=\"wp-block-spacer\"><\/div>\n\n\n\n<h3 class=\"wp-block-heading\"><mark style=\"background-color:#ffffff\" class=\"has-inline-color has-luminous-vivid-amber-color\">11,00\u20ac &#8211; Petite 26 cm<\/mark><\/h3>\n\n\n\n<p><\/p>\n\n\n\n<h3 class=\"wp-block-heading\"><mark style=\"background-color:#ffffff\" class=\"has-inline-color has-luminous-vivid-amber-color\">16,00\u20ac &#8211; Moyenne 33 cm<\/mark><\/h3>\n\n\n\n<p><\/p>\n\n\n\n<h3 class=\"wp-block-heading\"><mark style=\"background-color:#ffffff\" class=\"has-inline-color has-luminous-vivid-amber-color\">23,00\u20ac &#8211; Grande 40 cm<\/mark><\/h3>\n\n\n\n<div style=\"height:100px\" aria-hidden=\"true\" class=\"wp-block-spacer\"><\/div>\n\n\n\n<h2 class=\"wp-block-heading has-text-align-center\"><mark style=\"background-color:#fcb900\" class=\"has-inline-color has-vivid-red-color\">Pizzas base sauce tomate<\/mark><\/h2>\n\n\n\n<hr class=\"wp-block-separator has-alpha-channel-opacity\"\/>\n\n\n\n<h3 class=\"wp-block-heading\"><mark style=\"background-color:#ffffff\" class=\"has-inline-color has-luminous-vivid-amber-color\">Marguerita<\/mark><\/h3>\n\n\n\n<p><mark style=\"background-color:#000000\" class=\"has-inline-color has-white-color\">sauce tomate, mozzarella, olives<\/mark><\/p>\n\n\n\n<h3 class=\"wp-block-heading\"><mark style=\"background-color:#ffffff\" class=\"has-inline-color has-luminous-vivid-amber-color\">Jambon<\/mark><\/h3>\n\n\n\n<p><mark style=\"background-color:#000000\" class=\"has-inline-color has-white-color\">sauce tomate, jambon, mozzarella<\/mark><\/p>\n\n\n\n<h3 class=\"wp-block-heading\"><mark style=\"background-color:#ffffff\" class=\"has-inline-color has-luminous-vivid-amber-color\">Bolognaise<\/mark><\/h3>\n\n\n\n<p><mark style=\"background-color:#000000\" class=\"has-inline-color has-white-color\">sauce tomate, mozzarella, oignon, viande hach\u00e9e<\/mark><\/p>\n\n\n\n<h3 class=\"wp-block-heading\"><mark style=\"background-color:#ffffff\" class=\"has-inline-color has-luminous-vivid-amber-color\">Reine<\/mark><\/h3>\n\n\n\n<p><mark style=\"background-color:#000000\" class=\"has-inline-color has-white-color\">sauce tomate, mozzarella, jambon, champignons<\/mark><\/p>\n\n\n\n<h3 class=\"wp-block-heading\"><mark style=\"background-color:#ffffff\" class=\"has-inline-color has-luminous-vivid-amber-color\">L&rsquo;orientale<\/mark><\/h3>\n\n\n\n<p><mark style=\"background-color:#000000\" class=\"has-inline-color has-white-color\">sauce tomate, mozzarella, oignon, poivron, merguez<\/mark><\/p>\n\n\n\n<h3 class=\"wp-block-heading\"><mark style=\"background-color:#ffffff\" class=\"has-inline-color has-luminous-vivid-amber-color\">Mexicaine<\/mark><\/h3>\n\n\n\n<p><mark style=\"background-color:#000000\" class=\"has-inline-color has-white-color\">sauce tomate, mozzarella, oignon, b\u0153uf hach\u00e9, poivron, merguez, ma\u00efs<\/mark><\/p>\n\n\n\n<h3 class=\"wp-block-heading\"><mark style=\"background-color:#ffffff\" class=\"has-inline-color has-luminous-vivid-amber-color\">Vend\u00e9enne<\/mark><\/h3>\n\n\n\n<p><mark style=\"background-color:#000000\" class=\"has-inline-color has-white-color\">sauce tomate, mozzarella, jambon cru, pomme de terre<\/mark><\/p>\n\n\n\n<h3 class=\"wp-block-heading\"><mark style=\"background-color:#ffffff\" class=\"has-inline-color has-luminous-vivid-amber-color\">L&rsquo;\u00e9pic\u00e9e<\/mark><\/h3>\n\n\n\n<p><mark style=\"background-color:#000000\" class=\"has-inline-color has-white-color\">sauce tomate, mozzarella, oignon, merguez, chorizo, poivron<\/mark><\/p>\n\n\n\n<h3 class=\"wp-block-heading\"><mark style=\"background-color:#ffffff\" class=\"has-inline-color has-luminous-vivid-amber-color\">Kebab<\/mark><\/h3>\n\n\n\n<p><mark style=\"background-color:#000000\" class=\"has-inline-color has-white-color\">sauce tomate, mozzarella, viande \u00e0 Kebab, oignon<\/mark><\/p>\n\n\n\n<h3 class=\"wp-block-heading\"><mark style=\"background-color:#ffffff\" class=\"has-inline-color has-luminous-vivid-amber-color\">Poulaga<\/mark><\/h3>\n\n\n\n<p><mark style=\"background-color:#000000\" class=\"has-inline-color has-white-color\">sauce tomate, mozzarella, poulet, oignon<\/mark><\/p>\n\n\n\n<h3 class=\"wp-block-heading\"><mark style=\"background-color:#ffffff\" class=\"has-inline-color has-luminous-vivid-amber-color\">V\u00e9g\u00e9tarienne<\/mark><\/h3>\n\n\n\n<p><mark style=\"background-color:#000000\" class=\"has-inline-color has-white-color\">sauce tomate, mozzarella, oignon, poivron, ma\u00efs, champignons, tomate<\/mark><\/p>\n\n\n\n<h3 class=\"wp-block-heading\"><mark style=\"background-color:#ffffff\" class=\"has-inline-color has-luminous-vivid-amber-color\">5 Fromages<\/mark><\/h3>\n\n\n\n<p><mark style=\"background-color:#000000\" class=\"has-inline-color has-white-color\">sauce tomate, mozzarella, fromage \u00e0 raclette, reblochon, ch\u00e8vre, bleu<\/mark><\/p>\n\n\n\n<h3 class=\"wp-block-heading\"><mark style=\"background-color:#ffffff\" class=\"has-inline-color has-luminous-vivid-amber-color\">Maya<\/mark><\/h3>\n\n\n\n<p><mark style=\"background-color:#000000\" class=\"has-inline-color has-white-color\">sauce tomate, mozzarella, ch\u00e8vre, jambon cru, miel<\/mark><\/p>\n\n\n\n<h3 class=\"wp-block-heading\"><mark style=\"background-color:#ffffff\" class=\"has-inline-color has-luminous-vivid-amber-color\">Bacon<\/mark><\/h3>\n\n\n\n<p><mark style=\"background-color:#000000\" class=\"has-inline-color has-white-color\">sauce tomate, mozzarella, poulet r\u00f4ti, oignon, bacon, sauce barbecue<\/mark><\/p>\n\n\n\n<h3 class=\"wp-block-heading\"><mark style=\"background-color:#ffffff\" class=\"has-inline-color has-luminous-vivid-amber-color\">La Morfale<\/mark><\/h3>\n\n\n\n<p><mark style=\"background-color:#000000\" class=\"has-inline-color has-white-color\">sauce tomate, mozzarella, viande hach\u00e9e, poulet, merguez, olives<\/mark><\/p>\n\n\n\n<h3 class=\"wp-block-heading\"><mark style=\"background-color:#ffffff\" class=\"has-inline-color has-luminous-vivid-amber-color\">La Royale<\/mark><\/h3>\n\n\n\n<p><mark style=\"background-color:#000000\" class=\"has-inline-color has-white-color\">sauce tomate, mozzarella, oignon, merguez, viande \u00e0 kebab<\/mark><\/p>\n\n\n\n<h3 class=\"wp-block-heading\"><mark style=\"background-color:#ffffff\" class=\"has-inline-color has-luminous-vivid-amber-color\">La Texane<\/mark><\/h3>\n\n\n\n<p><mark style=\"background-color:#000000\" class=\"has-inline-color has-white-color\">sauce tomate, mozzarella, viande hach\u00e9e, chorizo, oignon, \u0153uf<\/mark><\/p>\n\n\n\n<h3 class=\"wp-block-heading\"><mark style=\"background-color:#ffffff\" class=\"has-inline-color has-luminous-vivid-amber-color\">D\u00e9licieuse<\/mark><\/h3>\n\n\n\n<p><mark style=\"background-color:#000000\" class=\"has-inline-color has-white-color\">sauce tomate, mozzarella, lardons, champignons, chorizo<\/mark><\/p>\n\n\n\n<h3 class=\"wp-block-heading\"><mark style=\"background-color:#ffffff\" class=\"has-inline-color has-luminous-vivid-amber-color\">Fermi\u00e8re<\/mark><\/h3>\n\n\n\n<p><mark style=\"background-color:#000000\" class=\"has-inline-color has-white-color\">sauce tomate, mozzarella, jambon, \u0153uf, pomme de terre<\/mark><\/p>\n\n\n\n<div style=\"height:100px\" aria-hidden=\"true\" class=\"wp-block-spacer\"><\/div>\n\n\n\n<h2 class=\"wp-block-heading has-text-align-center\"><mark style=\"background-color:#fcb900\" class=\"has-inline-color has-vivid-red-color\">Pizzas base cr\u00e8me fraiche<\/mark><\/h2>\n\n\n\n<hr class=\"wp-block-separator has-alpha-channel-opacity\"\/>\n\n\n\n<h3 class=\"wp-block-heading has-text-align-left\"><mark style=\"background-color:#ffffff\" class=\"has-inline-color has-luminous-vivid-amber-color\">Flammekueche<\/mark><\/h3>\n\n\n\n<p><mark style=\"background-color:#000000\" class=\"has-inline-color has-white-color\">cr\u00e8me fra\u00eeche, lardons, oignon<\/mark><\/p>\n\n\n\n<h3 class=\"wp-block-heading\"><mark style=\"background-color:#ffffff\" class=\"has-inline-color has-luminous-vivid-amber-color\">Tartiflette<\/mark><\/h3>\n\n\n\n<p><mark style=\"background-color:#000000\" class=\"has-inline-color has-white-color\">cr\u00e8me fra\u00eeche, mozzarella, lardons, pomme de terre, oignon, fromage Tartiflette<\/mark><\/p>\n\n\n\n<h3 class=\"wp-block-heading\"><mark style=\"background-color:#ffffff\" class=\"has-inline-color has-luminous-vivid-amber-color\">Norv\u00e9gienne<\/mark><\/h3>\n\n\n\n<p><mark style=\"background-color:#000000\" class=\"has-inline-color has-white-color\">cr\u00e8me fra\u00eeche, mozzarella, oignon, saumon fum\u00e9, citron confit<\/mark><\/p>\n\n\n\n<h3 class=\"wp-block-heading\"><mark style=\"background-color:#ffffff\" class=\"has-inline-color has-luminous-vivid-amber-color\">L&rsquo;Indienne<\/mark><\/h3>\n\n\n\n<p><mark style=\"background-color:#000000\" class=\"has-inline-color has-white-color\">cr\u00e8me fra\u00eeche, poulet, mozzarella, curry<\/mark><\/p>\n\n\n\n<h3 class=\"wp-block-heading\"><mark style=\"background-color:#ffffff\" class=\"has-inline-color has-luminous-vivid-amber-color\">L&rsquo;Hawa\u00efenne<\/mark><\/h3>\n\n\n\n<p><mark style=\"background-color:#000000\" class=\"has-inline-color has-white-color\">cr\u00e8me fra\u00eeche, poulet r\u00f4ti, ananas, mozzarella<\/mark><\/p>\n\n\n\n<h3 class=\"wp-block-heading\"><mark style=\"background-color:#ffffff\" class=\"has-inline-color has-luminous-vivid-amber-color\">Campagnarde<\/mark><\/h3>\n\n\n\n<p><mark style=\"background-color:#000000\" class=\"has-inline-color has-white-color\">cr\u00e8me fra\u00eeche, oignon, jambon cru, champignons, pomme de terre, mozzarella<\/mark><\/p>\n\n\n\n<h3 class=\"wp-block-heading\"><mark style=\"background-color:#ffffff\" class=\"has-inline-color has-luminous-vivid-amber-color\">Burger<\/mark><\/h3>\n\n\n\n<p><mark style=\"background-color:#000000\" class=\"has-inline-color has-white-color\">cr\u00e8me fra\u00eeche, oignon, tomate, viande hach\u00e9e, cheddar, mozzarella, sauce barbecue<\/mark><\/p>\n\n\n\n<h3 class=\"wp-block-heading\"><mark style=\"background-color:#ffffff\" class=\"has-inline-color has-luminous-vivid-amber-color\">Montagnarde<\/mark><\/h3>\n\n\n\n<p><mark style=\"background-color:#000000\" class=\"has-inline-color has-white-color\">cr\u00e8me fra\u00eeche, jambon cru, fromage \u00e0 raclette, pomme de terre, mozzarella<\/mark><\/p>\n\n\n\n<h3 class=\"wp-block-heading\"><mark style=\"background-color:#ffffff\" class=\"has-inline-color has-luminous-vivid-amber-color\">My Pizz<\/mark><\/h3>\n\n\n\n<p><mark style=\"background-color:#000000\" class=\"has-inline-color has-white-color\">cr\u00e8me fra\u00eeche, poulet, pomme de terre, ch\u00e8vre, miel, mozzarella<\/mark><\/p>\n\n\n\n<h3 class=\"wp-block-heading\"><mark style=\"background-color:#ffffff\" class=\"has-inline-color has-luminous-vivid-amber-color\">La P\u00e9rigourdine<\/mark><\/h3>\n\n\n\n<p><mark style=\"background-color:#000000\" class=\"has-inline-color has-white-color\">cr\u00e8me fra\u00eeche, lardons, g\u00e9siers, magret de canard, mozzarella, tomate<\/mark><\/p>\n\n\n\n<h3 class=\"wp-block-heading\"><mark style=\"background-color:#ffffff\" class=\"has-inline-color has-luminous-vivid-amber-color\">La Bleue<\/mark><\/h3>\n\n\n\n<p><mark style=\"background-color:#000000\" class=\"has-inline-color has-white-color\">cr\u00e8me fra\u00eeche, poulet, bleu, oignon, \u0153uf, mozzarella<\/mark><\/p>\n","protected":false},"excerpt":{"rendered":"<p>11,00\u20ac &#8211; Petite 26 cm 16,00\u20ac &#8211; Moyenne 33 cm 23,00\u20ac &#8211; Grande 40 cm Pizzas base sauce tomate Marguerita sauce tomate, mozzarella, olives Jambon sauce tomate, jambon, mozzarella Bolognaise sauce tomate, mozzarella, oignon, viande hach\u00e9e Reine sauce tomate, mozzarella, jambon, champignons L&rsquo;orientale sauce tomate, mozzarella, oignon, poivron, merguez Mexicaine sauce tomate, mozzarella, oignon, b\u0153uf [&hellip;]<\/p>\n","protected":false},"author":2,"featured_media":0,"parent":0,"menu_order":0,"comment_status":"closed","ping_status":"closed","template":"","meta":{"footnotes":""},"class_list":["post-278","page","type-page","status-publish","hentry"],"yoast_head":"<!-- This site is optimized with the Yoast SEO plugin v23.9 - https:\/\/yoast.com\/wordpress\/plugins\/seo\/ -->\n<title>Pizzas - MY PIZZ 85<\/title>\n<meta name=\"robots\" content=\"index, follow, max-snippet:-1, max-image-preview:large, max-video-preview:-1\" \/>\n<link rel=\"canonical\" href=\"https:\/\/mypizz85.com\/index.php\/pizzas\/\" \/>\n<meta property=\"og:locale\" content=\"fr_FR\" \/>\n<meta property=\"og:type\" content=\"article\" \/>\n<meta property=\"og:title\" content=\"Pizzas - MY PIZZ 85\" \/>\n<meta property=\"og:description\" content=\"11,00\u20ac &#8211; Petite 26 cm 16,00\u20ac &#8211; Moyenne 33 cm 23,00\u20ac &#8211; Grande 40 cm Pizzas base sauce tomate Marguerita sauce tomate, mozzarella, olives Jambon sauce tomate, jambon, mozzarella Bolognaise sauce tomate, mozzarella, oignon, viande hach\u00e9e Reine sauce tomate, mozzarella, jambon, champignons L&rsquo;orientale sauce tomate, mozzarella, oignon, poivron, merguez Mexicaine sauce tomate, mozzarella, oignon, b\u0153uf [&hellip;]\" \/>\n<meta property=\"og:url\" content=\"https:\/\/mypizz85.com\/index.php\/pizzas\/\" \/>\n<meta property=\"og:site_name\" content=\"MY PIZZ 85\" \/>\n<meta property=\"article:publisher\" content=\"https:\/\/www.facebook.com\/profile.php?id=100083445756192\" \/>\n<meta property=\"article:modified_time\" content=\"2024-12-26T10:45:30+00:00\" \/>\n<meta name=\"twitter:card\" content=\"summary_large_image\" \/>\n<meta name=\"twitter:label1\" content=\"Dur\u00e9e de lecture estim\u00e9e\" \/>\n\t<meta name=\"twitter:data1\" content=\"2 minutes\" \/>\n<script type=\"application\/ld+json\" class=\"yoast-schema-graph\">{\"@context\":\"https:\/\/schema.org\",\"@graph\":[{\"@type\":\"WebPage\",\"@id\":\"https:\/\/mypizz85.com\/index.php\/pizzas\/\",\"url\":\"https:\/\/mypizz85.com\/index.php\/pizzas\/\",\"name\":\"Pizzas - MY PIZZ 85\",\"isPartOf\":{\"@id\":\"https:\/\/mypizz85.com\/#website\"},\"datePublished\":\"2024-11-20T18:13:53+00:00\",\"dateModified\":\"2024-12-26T10:45:30+00:00\",\"breadcrumb\":{\"@id\":\"https:\/\/mypizz85.com\/index.php\/pizzas\/#breadcrumb\"},\"inLanguage\":\"fr-FR\",\"potentialAction\":[{\"@type\":\"ReadAction\",\"target\":[\"https:\/\/mypizz85.com\/index.php\/pizzas\/\"]}]},{\"@type\":\"BreadcrumbList\",\"@id\":\"https:\/\/mypizz85.com\/index.php\/pizzas\/#breadcrumb\",\"itemListElement\":[{\"@type\":\"ListItem\",\"position\":1,\"name\":\"Accueil\",\"item\":\"https:\/\/mypizz85.com\/\"},{\"@type\":\"ListItem\",\"position\":2,\"name\":\"Pizzas\"}]},{\"@type\":\"WebSite\",\"@id\":\"https:\/\/mypizz85.com\/#website\",\"url\":\"https:\/\/mypizz85.com\/\",\"name\":\"MY PIZZ 85\",\"description\":\"Restauration rapide \u00e0 Mareuil Sur Lay Dissais\",\"potentialAction\":[{\"@type\":\"SearchAction\",\"target\":{\"@type\":\"EntryPoint\",\"urlTemplate\":\"https:\/\/mypizz85.com\/?s={search_term_string}\"},\"query-input\":{\"@type\":\"PropertyValueSpecification\",\"valueRequired\":true,\"valueName\":\"search_term_string\"}}],\"inLanguage\":\"fr-FR\"}]}<\/script>\n<!-- \/ Yoast SEO plugin. -->","yoast_head_json":{"title":"Pizzas - MY PIZZ 85","robots":{"index":"index","follow":"follow","max-snippet":"max-snippet:-1","max-image-preview":"max-image-preview:large","max-video-preview":"max-video-preview:-1"},"canonical":"https:\/\/mypizz85.com\/index.php\/pizzas\/","og_locale":"fr_FR","og_type":"article","og_title":"Pizzas - MY PIZZ 85","og_description":"11,00\u20ac &#8211; Petite 26 cm 16,00\u20ac &#8211; Moyenne 33 cm 23,00\u20ac &#8211; Grande 40 cm Pizzas base sauce tomate Marguerita sauce tomate, mozzarella, olives Jambon sauce tomate, jambon, mozzarella Bolognaise sauce tomate, mozzarella, oignon, viande hach\u00e9e Reine sauce tomate, mozzarella, jambon, champignons L&rsquo;orientale sauce tomate, mozzarella, oignon, poivron, merguez Mexicaine sauce tomate, mozzarella, oignon, b\u0153uf [&hellip;]","og_url":"https:\/\/mypizz85.com\/index.php\/pizzas\/","og_site_name":"MY PIZZ 85","article_publisher":"https:\/\/www.facebook.com\/profile.php?id=100083445756192","article_modified_time":"2024-12-26T10:45:30+00:00","twitter_card":"summary_large_image","twitter_misc":{"Dur\u00e9e de lecture estim\u00e9e":"2 minutes"},"schema":{"@context":"https:\/\/schema.org","@graph":[{"@type":"WebPage","@id":"https:\/\/mypizz85.com\/index.php\/pizzas\/","url":"https:\/\/mypizz85.com\/index.php\/pizzas\/","name":"Pizzas - MY PIZZ 85","isPartOf":{"@id":"https:\/\/mypizz85.com\/#website"},"datePublished":"2024-11-20T18:13:53+00:00","dateModified":"2024-12-26T10:45:30+00:00","breadcrumb":{"@id":"https:\/\/mypizz85.com\/index.php\/pizzas\/#breadcrumb"},"inLanguage":"fr-FR","potentialAction":[{"@type":"ReadAction","target":["https:\/\/mypizz85.com\/index.php\/pizzas\/"]}]},{"@type":"BreadcrumbList","@id":"https:\/\/mypizz85.com\/index.php\/pizzas\/#breadcrumb","itemListElement":[{"@type":"ListItem","position":1,"name":"Accueil","item":"https:\/\/mypizz85.com\/"},{"@type":"ListItem","position":2,"name":"Pizzas"}]},{"@type":"WebSite","@id":"https:\/\/mypizz85.com\/#website","url":"https:\/\/mypizz85.com\/","name":"MY PIZZ 85","description":"Restauration rapide \u00e0 Mareuil Sur Lay Dissais","potentialAction":[{"@type":"SearchAction","target":{"@type":"EntryPoint","urlTemplate":"https:\/\/mypizz85.com\/?s={search_term_string}"},"query-input":{"@type":"PropertyValueSpecification","valueRequired":true,"valueName":"search_term_string"}}],"inLanguage":"fr-FR"}]}},"_links":{"self":[{"href":"https:\/\/mypizz85.com\/index.php\/wp-json\/wp\/v2\/pages\/278","targetHints":{"allow":["GET"]}}],"collection":[{"href":"https:\/\/mypizz85.com\/index.php\/wp-json\/wp\/v2\/pages"}],"about":[{"href":"https:\/\/mypizz85.com\/index.php\/wp-json\/wp\/v2\/types\/page"}],"author":[{"embeddable":true,"href":"https:\/\/mypizz85.com\/index.php\/wp-json\/wp\/v2\/users\/2"}],"replies":[{"embeddable":true,"href":"https:\/\/mypizz85.com\/index.php\/wp-json\/wp\/v2\/comments?post=278"}],"version-history":[{"count":14,"href":"https:\/\/mypizz85.com\/index.php\/wp-json\/wp\/v2\/pages\/278\/revisions"}],"predecessor-version":[{"id":593,"href":"https:\/\/mypizz85.com\/index.php\/wp-json\/wp\/v2\/pages\/278\/revisions\/593"}],"wp:attachment":[{"href":"https:\/\/mypizz85.com\/index.php\/wp-json\/wp\/v2\/media?parent=278"}],"curies":[{"name":"wp","href":"https:\/\/api.w.org\/{rel}","templated":true}]}}