{"id":286,"date":"2024-11-20T19:15:50","date_gmt":"2024-11-20T18:15:50","guid":{"rendered":"https:\/\/mypizz85.com\/?page_id=286"},"modified":"2024-12-26T11:00:28","modified_gmt":"2024-12-26T10:00:28","slug":"wraps","status":"publish","type":"page","link":"https:\/\/mypizz85.com\/index.php\/wraps\/","title":{"rendered":"Wraps"},"content":{"rendered":"\n<div style=\"height:100px\" aria-hidden=\"true\" class=\"wp-block-spacer\"><\/div>\n\n\n\n<h2 class=\"wp-block-heading has-text-align-center\"><mark style=\"background-color:#fcb900\" class=\"has-inline-color has-vivid-red-color\">Composez votre Wrap<\/mark><\/h2>\n\n\n\n<hr class=\"wp-block-separator has-alpha-channel-opacity\"\/>\n\n\n\n<h3 class=\"wp-block-heading\"><mark style=\"background-color:#ffffff\" class=\"has-inline-color has-luminous-vivid-amber-color\">Wrap classique 7,00\u20ac<\/mark><\/h3>\n\n\n\n<p><mark style=\"background-color:#000000\" class=\"has-inline-color has-white-color\">Base + ingr\u00e9dients aux choix + sauce aux choix<\/mark><\/p>\n\n\n\n<p><em><mark style=\"background-color:#000000\" class=\"has-inline-color has-white-color\">La Base : salade, tomate, oignon, cheddar<\/mark><\/em><\/p>\n\n\n\n<p><em><mark style=\"background-color:#000000\" class=\"has-inline-color has-white-color\">Les ingr\u00e9dients aux choix : Kebab, steak hach\u00e9, ch\u00e8vre, poulet<\/mark><\/em><\/p>\n\n\n\n<h2 class=\"wp-block-heading has-text-align-center\"><mark style=\"background-color:#fcb900\" class=\"has-inline-color has-vivid-red-color\">Notre sp\u00e9cialit\u00e9<\/mark><\/h2>\n\n\n\n<hr class=\"wp-block-separator has-alpha-channel-opacity\"\/>\n\n\n\n<h3 class=\"wp-block-heading\"><mark style=\"background-color:#ffffff\" class=\"has-inline-color has-luminous-vivid-amber-color\">Le Nordique 7,00\u20ac<\/mark><\/h3>\n\n\n\n<p><mark style=\"background-color:#000000\" class=\"has-inline-color has-white-color\">saumon fum\u00e9, ch\u00e8vre, salade, oignon, cr\u00e8me fra\u00eeche<\/mark><\/p>\n","protected":false},"excerpt":{"rendered":"<p>Composez votre Wrap Wrap classique 7,00\u20ac Base + ingr\u00e9dients aux choix + sauce aux choix La Base : salade, tomate, oignon, cheddar Les ingr\u00e9dients aux choix : Kebab, steak hach\u00e9, ch\u00e8vre, poulet Notre sp\u00e9cialit\u00e9 Le Nordique 7,00\u20ac saumon fum\u00e9, ch\u00e8vre, salade, oignon, cr\u00e8me fra\u00eeche<\/p>\n","protected":false},"author":2,"featured_media":0,"parent":0,"menu_order":0,"comment_status":"closed","ping_status":"closed","template":"","meta":{"footnotes":""},"class_list":["post-286","page","type-page","status-publish","hentry"],"yoast_head":"<!-- This site is optimized with the Yoast SEO plugin v23.9 - https:\/\/yoast.com\/wordpress\/plugins\/seo\/ -->\n<title>Wraps - MY PIZZ 85<\/title>\n<meta name=\"description\" content=\"A Mareuil sur Lay Dissais, compose ton propre wrap sur mesure, selon tes gouts et ta faim ou commande nos sp\u00e9cialit\u00e9s mareuillaises\" \/>\n<meta name=\"robots\" content=\"index, follow, max-snippet:-1, max-image-preview:large, max-video-preview:-1\" \/>\n<link rel=\"canonical\" href=\"https:\/\/mypizz85.com\/index.php\/wraps\/\" \/>\n<meta property=\"og:locale\" content=\"fr_FR\" \/>\n<meta property=\"og:type\" content=\"article\" \/>\n<meta property=\"og:title\" content=\"Wraps - MY PIZZ 85\" \/>\n<meta property=\"og:description\" content=\"A Mareuil sur Lay Dissais, compose ton propre wrap sur mesure, selon tes gouts et ta faim ou commande nos sp\u00e9cialit\u00e9s mareuillaises\" \/>\n<meta property=\"og:url\" content=\"https:\/\/mypizz85.com\/index.php\/wraps\/\" \/>\n<meta property=\"og:site_name\" content=\"MY PIZZ 85\" \/>\n<meta property=\"article:publisher\" content=\"https:\/\/www.facebook.com\/profile.php?id=100083445756192\" \/>\n<meta property=\"article:modified_time\" content=\"2024-12-26T10:00:28+00:00\" \/>\n<meta name=\"twitter:card\" content=\"summary_large_image\" \/>\n<meta name=\"twitter:label1\" content=\"Dur\u00e9e de lecture estim\u00e9e\" \/>\n\t<meta name=\"twitter:data1\" content=\"1 minute\" \/>\n<script type=\"application\/ld+json\" class=\"yoast-schema-graph\">{\"@context\":\"https:\/\/schema.org\",\"@graph\":[{\"@type\":\"WebPage\",\"@id\":\"https:\/\/mypizz85.com\/index.php\/wraps\/\",\"url\":\"https:\/\/mypizz85.com\/index.php\/wraps\/\",\"name\":\"Wraps - MY PIZZ 85\",\"isPartOf\":{\"@id\":\"https:\/\/mypizz85.com\/#website\"},\"datePublished\":\"2024-11-20T18:15:50+00:00\",\"dateModified\":\"2024-12-26T10:00:28+00:00\",\"description\":\"A Mareuil sur Lay Dissais, compose ton propre wrap sur mesure, selon tes gouts et ta faim ou commande nos sp\u00e9cialit\u00e9s mareuillaises\",\"breadcrumb\":{\"@id\":\"https:\/\/mypizz85.com\/index.php\/wraps\/#breadcrumb\"},\"inLanguage\":\"fr-FR\",\"potentialAction\":[{\"@type\":\"ReadAction\",\"target\":[\"https:\/\/mypizz85.com\/index.php\/wraps\/\"]}]},{\"@type\":\"BreadcrumbList\",\"@id\":\"https:\/\/mypizz85.com\/index.php\/wraps\/#breadcrumb\",\"itemListElement\":[{\"@type\":\"ListItem\",\"position\":1,\"name\":\"Accueil\",\"item\":\"https:\/\/mypizz85.com\/\"},{\"@type\":\"ListItem\",\"position\":2,\"name\":\"Wraps\"}]},{\"@type\":\"WebSite\",\"@id\":\"https:\/\/mypizz85.com\/#website\",\"url\":\"https:\/\/mypizz85.com\/\",\"name\":\"MY PIZZ 85\",\"description\":\"Restauration rapide \u00e0 Mareuil Sur Lay Dissais\",\"potentialAction\":[{\"@type\":\"SearchAction\",\"target\":{\"@type\":\"EntryPoint\",\"urlTemplate\":\"https:\/\/mypizz85.com\/?s={search_term_string}\"},\"query-input\":{\"@type\":\"PropertyValueSpecification\",\"valueRequired\":true,\"valueName\":\"search_term_string\"}}],\"inLanguage\":\"fr-FR\"}]}<\/script>\n<!-- \/ Yoast SEO plugin. -->","yoast_head_json":{"title":"Wraps - MY PIZZ 85","description":"A Mareuil sur Lay Dissais, compose ton propre wrap sur mesure, selon tes gouts et ta faim ou commande nos sp\u00e9cialit\u00e9s mareuillaises","robots":{"index":"index","follow":"follow","max-snippet":"max-snippet:-1","max-image-preview":"max-image-preview:large","max-video-preview":"max-video-preview:-1"},"canonical":"https:\/\/mypizz85.com\/index.php\/wraps\/","og_locale":"fr_FR","og_type":"article","og_title":"Wraps - MY PIZZ 85","og_description":"A Mareuil sur Lay Dissais, compose ton propre wrap sur mesure, selon tes gouts et ta faim ou commande nos sp\u00e9cialit\u00e9s mareuillaises","og_url":"https:\/\/mypizz85.com\/index.php\/wraps\/","og_site_name":"MY PIZZ 85","article_publisher":"https:\/\/www.facebook.com\/profile.php?id=100083445756192","article_modified_time":"2024-12-26T10:00:28+00:00","twitter_card":"summary_large_image","twitter_misc":{"Dur\u00e9e de lecture estim\u00e9e":"1 minute"},"schema":{"@context":"https:\/\/schema.org","@graph":[{"@type":"WebPage","@id":"https:\/\/mypizz85.com\/index.php\/wraps\/","url":"https:\/\/mypizz85.com\/index.php\/wraps\/","name":"Wraps - MY PIZZ 85","isPartOf":{"@id":"https:\/\/mypizz85.com\/#website"},"datePublished":"2024-11-20T18:15:50+00:00","dateModified":"2024-12-26T10:00:28+00:00","description":"A Mareuil sur Lay Dissais, compose ton propre wrap sur mesure, selon tes gouts et ta faim ou commande nos sp\u00e9cialit\u00e9s mareuillaises","breadcrumb":{"@id":"https:\/\/mypizz85.com\/index.php\/wraps\/#breadcrumb"},"inLanguage":"fr-FR","potentialAction":[{"@type":"ReadAction","target":["https:\/\/mypizz85.com\/index.php\/wraps\/"]}]},{"@type":"BreadcrumbList","@id":"https:\/\/mypizz85.com\/index.php\/wraps\/#breadcrumb","itemListElement":[{"@type":"ListItem","position":1,"name":"Accueil","item":"https:\/\/mypizz85.com\/"},{"@type":"ListItem","position":2,"name":"Wraps"}]},{"@type":"WebSite","@id":"https:\/\/mypizz85.com\/#website","url":"https:\/\/mypizz85.com\/","name":"MY PIZZ 85","description":"Restauration rapide \u00e0 Mareuil Sur Lay Dissais","potentialAction":[{"@type":"SearchAction","target":{"@type":"EntryPoint","urlTemplate":"https:\/\/mypizz85.com\/?s={search_term_string}"},"query-input":{"@type":"PropertyValueSpecification","valueRequired":true,"valueName":"search_term_string"}}],"inLanguage":"fr-FR"}]}},"_links":{"self":[{"href":"https:\/\/mypizz85.com\/index.php\/wp-json\/wp\/v2\/pages\/286","targetHints":{"allow":["GET"]}}],"collection":[{"href":"https:\/\/mypizz85.com\/index.php\/wp-json\/wp\/v2\/pages"}],"about":[{"href":"https:\/\/mypizz85.com\/index.php\/wp-json\/wp\/v2\/types\/page"}],"author":[{"embeddable":true,"href":"https:\/\/mypizz85.com\/index.php\/wp-json\/wp\/v2\/users\/2"}],"replies":[{"embeddable":true,"href":"https:\/\/mypizz85.com\/index.php\/wp-json\/wp\/v2\/comments?post=286"}],"version-history":[{"count":8,"href":"https:\/\/mypizz85.com\/index.php\/wp-json\/wp\/v2\/pages\/286\/revisions"}],"predecessor-version":[{"id":565,"href":"https:\/\/mypizz85.com\/index.php\/wp-json\/wp\/v2\/pages\/286\/revisions\/565"}],"wp:attachment":[{"href":"https:\/\/mypizz85.com\/index.php\/wp-json\/wp\/v2\/media?parent=286"}],"curies":[{"name":"wp","href":"https:\/\/api.w.org\/{rel}","templated":true}]}}